Is h(-9) composite?
True
Let q(c) = 414*c**2 + 24*c - 7. Is q(3) prime?
False
Let m = -2402 + 5747. Suppose 4*o - a - m = 0, 5*o - a = -0*a + 4180. Suppose 4*f = 5*j - o, -j = 3*f - 231 + 64. Is j composite?
False
Let q(x) = 13*x**3 - 16*x**2 - 8*x + 60. Is q(13) a composite number?
True
Let p(o) = 4974*o - 5. Let b be p(1). Suppose 5*j = 3*v + 18427, 2*j + 5*v = -b + 12315. Is j a composite number?
True
Let a(n) = 9*n**3 + 8 - n + 8*n**3 - 2*n**2 - n**2 - 3. Let f be a(5). Suppose -5*i + f = l, -l - 843 = -2*i - 6*l. Is i a composite number?
False
Let d = 1911 - 1114. Let q = d - -740. Is q composite?
True
Let k = 25 + -10. Suppose 12*r - k*r = -129. Is r prime?
True
Let a(i) = -i**3 + 10*i**2 + 2*i + 9. Let v be a(-5). Let w = 925 - v. Is w a prime number?
False
Let y be ((-136)/10)/(22/(-275)). Suppose n = 3*n - y. Is n composite?
True
Let q(o) = 17*o**2 - 2*o + 4. Let x(z) = 2*z + 3. Let a(t) = 2*t + 3. Let c be a(-3). Let u be x(c). Is q(u) composite?
False
Is (353837/(-38))/((-1)/2) a composite number?
True
Is (-3 + 30/9)*17913 composite?
True
Let m(p) = -p**3 + 15*p**2 + 9*p + 34. Let n(w) = 2*w**3 - 29*w**2 - 18*w - 67. Let a(k) = 7*m(k) + 4*n(k). Is a(13) a composite number?
False
Let x = 1 - 1. Let p(h) = -h**3 + 9*h**2 - 9*h - 10. Let n be p(7). Suppose -4*j + 3*c = -69, x*c = 5*c - n. Is j prime?
False
Suppose 0 = 3*p + 6, -5*i + 2*p = 5*p - 19. Suppose -4*y + 5*l + 33 = 0, -5 = -i*y - 2*l + l. Suppose 381 = -y*o + 5*o. Is o a prime number?
True
Suppose 2*x = q - 4467 + 1172, 16 = -4*x. Is q prime?
False
Suppose 4*g - 40 = p + p, 5*g + 5*p - 50 = 0. Let h = 13 - g. Suppose 4*o = f - h*f + 42, -5*o + 80 = 5*f. Is f a prime number?
True
Let w(t) = -t**2 + 14*t + 66. Let v be w(17). Is (((-6280)/v)/(-4))/(4/78) a composite number?
True
Is (-2)/(-3 - -15) - 188178/(-36) a composite number?
False
Let d be 0 + (0 - 1) + 10. Let z(v) = v**2 - 12*v + 6. Let k(r) = -r**2 + 11*r - 7. Let h(f) = -3*k(f) - 4*z(f). Is h(d) a prime number?
False
Let p(f) = 19*f**2 + 8*f - 100. Is p(-21) prime?
True
Is (-28283 - 39/13)*(-1)/2 a composite number?
False
Let y = 43157 + -4192. Is y a prime number?
False
Let t be (-4)/(-6) - 8256/(-9). Suppose v = -5*v + t. Suppose v = 2*z - g + 6*g, 4*g = -4*z + 336. Is z a prime number?
True
Suppose -1455 = -11*c + 15518. Is c a composite number?
False
Let v = -6828 - -11655. Let k = v - 3362. Is k prime?
False
Suppose 0 = -5*n - 2*o + 20, 5*o = -4*n + o + 28. Suppose -l + 2*l - 1507 = -n*i, 4541 = 3*l + i. Suppose 2*m - 3*m + 5 = 0, l = 5*f - 4*m. Is f composite?
False
Suppose 0 = 2*y - 3*g - 577, g + 0*g = -y + 296. Is y composite?
False
Let u(p) = 9*p**2 + 1. Let a be 0 + -3 - (-7 + -3). Let w(f) = -9*f**2 - f - 2. Let h(n) = a*u(n) + 6*w(n). Is h(-4) composite?
False
Suppose -20*s + 16*s = -36. Suppose -5*k - 664 = -s*k. Is k prime?
False
Let a(i) = 57*i**2 - 4*i + 3. Let r(b) be the second derivative of -b**4/12 - b**3 + 9*b**2/2 - b. Let q be r(-7). Is a(q) prime?
True
Is (-7)/49 - 43208/(-28) a composite number?
False
Suppose 6*i = 3*n + i - 13796, -n - 4*i + 4593 = 0. Is n a prime number?
True
Let i be 6/5*(-100)/30. Let q(l) = -l**3 + 2*l**2 - 9*l - 2. Let x(a) = a**3 - a**2 + 10*a + 3. Let c(g) = i*q(g) - 3*x(g). Is c(4) a prime number?
True
Suppose 7 = 5*q + t - 9, 5*q + 4*t = 19. Is (q - 5)*(-1052)/8 composite?
False
Let s(q) = -280*q**3 - q**2 + 1. Let t be s(1). Suppose -6*b = -20*b + 7014. Let m = b + t. Is m composite?
True
Suppose -5*z + 3023 = 4*m - 8798, 0 = -m + 4*z + 2971. Is m a composite number?
True
Let j(m) = -m**2 + 10*m - 7. Suppose -2*w - q + 4 + 13 = 0, -4*w - q = -33. Let g be j(w). Suppose -14*h + 1765 = -g*h. Is h composite?
False
Suppose -26*o + 5*i = -25*o - 61101, i - 244488 = -4*o. Is o composite?
False
Let x be (3 - (-91)/(-26))/((-2)/44). Let r(o) = 10 - o**2 - o**3 - 10*o + 3*o**2 + 12*o**2. Is r(x) a composite number?
False
Let t = 53219 + -23289. Suppose 0*s + 29910 = 5*z + s, 5*s - t = -5*z. Is z composite?
False
Suppose -9*p = -10*p + 1253. Is p a prime number?
False
Let p(a) = -a**2 - 7*a + 1 + 3*a + 17 - 3*a. Let d be p(-13). Let u = d + 115. Is u prime?
False
Let m(z) be the first derivative of 49*z**3/3 + 3*z**2/2 + z + 53. Suppose 5*g + 14 = 3*x - 2*x, -5*g + 3*x - 22 = 0. Is m(g) prime?
True
Let g = -38 + 38. Suppose 5*v + 3*o - 114 = g, -4*v - o + 3*o + 78 = 0. Is v a prime number?
False
Let x = -122 + 1191. Is x a prime number?
True
Suppose 15*x + 55128 = 486303. Is x a composite number?
True
Suppose -4*t = -f - 86223, 3*t - 57320 = 2*f + 7341. Is t prime?
True
Let a = 543 + 48. Is a composite?
True
Let k(i) = 2*i + 13 + 16*i - 60*i. Is k(-6) composite?
True
Let w(o) = -o**3 - 7*o**2 - 5*o - 8. Let a be w(-6). Let f be a*((-4080)/21)/4. Let t = f + -289. Is t a composite number?
True
Let i(d) = -d**2 + 6*d + 7. Let x be i(7). Let g be -145*(x + 4 + -3). Let z = g + 1098. Is z a prime number?
True
Let z(s) = 35*s**2 + 23*s + 245. Is z(13) a composite number?
True
Suppose -3*r - 4 = -19. Suppose -r*p = i - 2745 - 193, -5*p + 2923 = -4*i. Is p prime?
True
Suppose -q = -2*y - 336, -5*q - 700 = 5*y - y. Let r = 627 - y. Is r a prime number?
True
Let o(w) = w**2 - 12*w + 16. Let k be o(14). Suppose -3 = u - 4*b - 13, 5*b + 6 = -2*u. Suppose -k = -u*t + 48. Is t a composite number?
True
Suppose -4*w + w + 6 = 0, 4*l = -2*w + 248160. Is l a prime number?
True
Let q = -142 + 168. Is (4 - q*-17)*11/2 a composite number?
True
Let w(f) = -2*f**3 - 30*f**2 - 40*f - 203. Is w(-47) a composite number?
False
Is 44/132 - 171592/(-6) prime?
False
Suppose 0 = 59*n - 92*n + 110847. Is n a prime number?
True
Let d = 42944 - 7717. Is d prime?
True
Let x(w) = w**2 - 5*w - 2. Let b be x(7). Suppose b = 4*d - 4. Suppose d*v - 2*n = 1584, 3*n - 737 = -3*v + 469. Is v a prime number?
False
Suppose 4*r - 298 = 5*c, r + 2*c - 68 = -0*r. Suppose 586 = -i + r. Let l = 67 - i. Is l a prime number?
False
Let p(w) = 0*w + 2*w + 3 + 204*w**3 + 0 + w**2 - 2. Let z be p(-1). Let o = z + 298. Is o a prime number?
False
Let t = 52 - 50. Is (477 + 2 + 0)*t/2 prime?
True
Suppose 33*c + 2582 = 35*c. Is c a composite number?
False
Suppose 4*l - z - 20 = 0, -2*z = -4*z. Let i(v) = -v**3 + 10*v**2 - 5*v. Let g be i(l). Suppose -g = -2*t + 3*d + 177, -519 = -4*t - d. Is t a prime number?
True
Suppose -3*s - 5*a = -5*s + 155, 3*s + 5*a - 245 = 0. Let l = 3747 + s. Is l a prime number?
False
Let v(b) = 10669*b - 330. Is v(3) composite?
True
Suppose 39*v + 23979 = 66372. Is v prime?
True
Let z = -31189 + 44556. Is z composite?
False
Suppose 8*u - 74 = 278. Let l = u + 83. Is l prime?
True
Let n(x) = 13*x**3 + 16*x - 25. Is n(6) a prime number?
True
Is (7128 - 0/(-6)) + -7 a prime number?
True
Let r = 13135 + -9102. Is r a composite number?
True
Let m(x) = -102*x - 12. Let h(y) = 103*y + 13. Let s(p) = 5*h(p) + 4*m(p). Is s(10) prime?
True
Is (-928908)/(-405) - (-6)/(-10) prime?
True
Suppose 14*c - 11*c - 27 = 0. Suppose -3*t = 4*w - 152, -6*w = -3*t - 5*w + 142. Let y = t - c. Is y a prime number?
False
Let f be -2 - 0 - (-2 + (-3453 - 0)). Suppose 4*w - 2768 = -4*t, w + w = 5*t - f. Is t a prime number?
True
Let c = -11727 - -16972. Suppose -5*k = 3*z - c, -10*k + 5239 = 3*z - 8*k. Is z prime?
False
Is (-2)/1 - 11/(154/(-176190)) a prime number?
True
Let y(x) = -x + 2. Let w be y(0). Suppose 4*v = -2*q + 5918, 2969 = w*v - 0*v + 3*q. Is v a composite number?
True
Suppose -7*u + 25152 = -321089. Is u prime?
True
Let l = 6930 + -3633. Suppose -18*w = 615 - l. Is w a composite number?
False
Let z be (4/(-6))/(14/(-63)). Let l(v) = -v. Let p be l(z). Is (-1)/(3/(-384 - p)) a composite number?
False
Is 701541/(-162)*(-4)/6 composite?
False
Let v(c) = 6*c**2 + 11*c - 26. Is v(-19) a composite number?
False
Let r(n) = 61*n**2 - 3*n + 227. Is r(-21) prime?
True
Is -14*(9575/(-110) + (-54)/(-99)) a composite number?
True
Let l be (-5)/((-10)/6) - -10. Let j(r) = r - 11. Let d be j(l). Suppose -260 = -4*p - 0*z + 4*z, 4*p = d*z + 260. Is p a composite number?
True
Suppose 66528 = 52*r - 252908. Is r composite?
False
Suppose 3*w - 4*w + 2 = 0. Suppose -w*t + 4*u = -14 - 12, -t - 11 = 4*u. Is 143/(-2 + t - 2) a composite number?
True
Let r(p) = 8*p + 6. Let b be r(-7). Let c = -104 - b. Let n = c - -105. Is n a composi